Cheadle Hulme Weather

 Latitude N 53° 21' 50"    Longitude W 02° 11' 42"    Elevation 261 ft

Now : Realtime : Gauges : Today/Yesterday : This Month/Year : All-Time Records : Graphs : WUnderground : Season Averages : Monthly Records : Data Summary : NOAA Reports : Forum : Station Info : System Info
Select a Year or Month report

Report for 2020 Feb
                   Monthly Climatological Summary for Feb 2020

Name: Cheadle Hulme   City: Cheadle   State: Cheshire
Elevation: 261 ft  Lat: N 53 21' 50"   Lon: W 002 11' 42"

                  Temperature (C), Rain (in), Wind Speed (mph)

                                      Heat  Cool        Avg
    Mean                              Deg   Deg         Wind                 Dom
Day Temp  High   Time   Low    Time   Days  Days  Rain  Speed High   Time    Dir
----------------------------------------------------------------------------------
 1   9.1  10.7   00:04   7.1   23:40   9.2   0.0  0.00   7.0  28.0   13:27   WSW
 2   8.2  11.9   13:43   5.6   07:56  10.1   0.0  0.30   4.4  18.0   19:46     S
 3   7.3   9.2   01:49   4.3   21:29  11.0   0.0  0.12   8.4  33.0   21:12     W
 4   6.6   9.4   14:25   3.5   03:19  11.7   0.0  0.19   9.5  34.0   05:54   WNW
 5   5.3   8.6   14:06   1.3   22:29  13.0   0.0  0.00   1.1  10.0   13:39    SW
 6   3.2  11.2   14:25  -0.7   07:16  15.1   0.0  0.00   1.0   7.0   14:45   SSE
 7   4.9   9.5   23:22  -0.5   08:15  13.4   0.0  0.01   5.6  24.0   19:25   SSE
 8   8.1  10.5   13:47   5.3   08:33  10.2   0.0  0.13  11.6  38.0   22:01     S
 9   9.9  12.3   09:30   6.8   23:57   8.4   0.0  0.92  14.8  65.0   11:23   SSW
10   5.4   7.3   01:07   2.9   17:36  12.9   0.0  0.02  10.4  35.0   19:46   WSW
11   4.8   5.9   14:53   3.8   19:50  13.5   0.0  0.03  12.1  42.0   15:11     W
12   4.6   7.6   01:22   2.5   20:17   5.4   0.0  0.02   6.7  28.0   09:30     S
13   5.5   8.9   15:15   1.3   23:57  12.8   0.0  0.13   6.0  29.0   04:38     S
14   6.1   9.6   16:32   1.3   00:00  12.2   0.0  0.05   7.2  30.0   12:36   SSE
15  10.1  12.2   14:19   6.9   02:46   8.2   0.0  0.62  11.9  41.0   14:47     S
16   7.3   9.9   00:00   4.3   17:57  11.0   0.0  0.44  10.4  42.0   17:50   SSW
17   6.4  10.3   13:17   4.2   23:57  11.9   0.0  0.02   9.5  33.0   00:06    SW
18   5.6   9.2   13:00   3.3   19:26  12.7   0.0  0.07   7.4  38.0   18:27    SW
19   6.1   9.3   21:54   3.3   07:25  12.2   0.0  0.18   8.4  23.0   01:40   SSW
20   6.9  10.1   07:42   3.9   23:43  11.4   0.0  0.47  10.4  33.0   11:00    SW
21   7.5   9.9   19:41   3.6   00:18  10.8   0.0  0.33   9.5  29.0   19:33     S
22   8.6  11.7   04:59   6.0   19:57   9.7   0.0  0.21  10.6  39.0   05:01   WSW
23   6.3   8.0   12:53   4.1   22:15  12.0   0.0  0.62   7.1  34.0   13:30     W
24   7.5  12.8   13:48   3.1   03:04  10.8   0.0  0.40   9.9  34.0   15:46    SW
25   4.1   6.8   15:32   1.9   22:52  14.2   0.0  0.29   5.4  24.0   22:36   WSW
26   4.2   7.3   13:51   2.1   05:19  14.1   0.0  0.05   7.7  29.0   15:46     W
27   3.8   6.6   14:42   1.8   04:20  14.5   0.0  0.14   6.5  28.0   13:23     W
28   5.9  10.8   23:49   2.2   00:32  12.4   0.0  0.31   9.6  33.0   11:29   SSE
29   6.7  10.9   03:08   3.7   18:49  11.6   0.0  0.45  11.0  41.0   17:59     S
----------------------------------------------------------------------------------
     6.4  12.8    24    -0.7     6   336.4   0.0  6.52   8.3  65.0     9      SW

Max >=  27.0:  0
Max <=   0.0:  0
Min <=   0.0:  2
Min <= -18.0:  0
Max Rain: 0.92 on day 9
Days of Rain: 25 (>= 0.02 in)  18 (>= 0.10 in)  0 (>= 1.00 in)
Heat Base: 18.3  Cool Base: 18.3  Method: Integration
Now : Realtime : Gauges : Today/Yesterday : This Month/Year : All-Time Records : Graphs : WUnderground : Season Averages : Monthly Records : Data Summary : NOAA Reports : Forum : Station Info : System Info


Page last updated 02/04/2020 09:30:03
Produced by CumulusCumulus v1.9.4 (1099)