Cheadle Hulme Weather

 Latitude N 53° 21' 50"    Longitude W 02° 11' 42"    Elevation 261 ft

Now : Realtime : Gauges : Today/Yesterday : This Month/Year : All-Time Records : Graphs : WUnderground : Season Averages : Monthly Records : Data Summary : NOAA Reports : Forum : Station Info : System Info
Select a Year or Month report

Report for 2020 Apr
                   Monthly Climatological Summary for Apr 2020

Name: Cheadle Hulme   City: Cheadle   State: Cheshire
Elevation: 261 ft  Lat: N 53 21' 50"   Lon: W 002 11' 42"

                  Temperature (C), Rain (in), Wind Speed (mph)

                                      Heat  Cool        Avg
    Mean                              Deg   Deg         Wind                 Dom
Day Temp  High   Time   Low    Time   Days  Days  Rain  Speed High   Time    Dir
----------------------------------------------------------------------------------
 1   7.2   8.9   15:56   5.9   06:49  11.1   0.0  0.00   5.1  23.0   13:42   WNW
 2   8.6  12.3   15:11   6.8   23:53   9.7   0.0  0.00   9.1  30.0   13:57   WNW
 3   8.2  11.9   16:30   5.6   05:26  10.1   0.0  0.00   4.1  17.0   13:36     W
 4   9.5  13.9   17:35   4.8   06:44   8.8   0.0  0.00   5.2  21.0   13:55   SSE
 5  14.5  20.2   14:51   8.3   00:45   4.1   0.3  0.00  10.2  30.0   10:53    SE
 6  12.3  15.5   15:11   6.2   23:43   6.0   0.0  0.01   6.8  27.0   01:32    SW
 7  10.4  18.6   15:00   1.8   07:00   7.9   0.0  0.00   3.4  18.0   11:24   SSE
 8  13.6  21.9   16:27   6.4   02:07   5.3   0.6  0.00   2.0  13.0   19:36   WSW
 9  12.8  18.7   13:40   7.0   03:44   5.5   0.0  0.00   3.9  18.0   16:54   ENE
10  15.6  22.9   13:57   7.7   06:59   3.9   1.2  0.00   3.3  16.0   14:22   SSE
11  15.8  21.2   14:48   9.8   23:13   3.0   0.5  0.00   3.6  16.0   14:11     W
12  12.3  19.9   14:24   7.1   05:18   6.1   0.1  0.04   4.3  30.0   22:30   ENE
13   7.8  12.0   14:47   3.0   23:55  10.6   0.0  0.01   8.7  30.0   01:02    NE
14   6.8  14.7   17:53  -0.9   06:06  11.5   0.0  0.00   1.3  11.0   13:47   WSW
15  10.4  20.1   17:07   1.3   06:31   8.0   0.2  0.00   1.0  15.0   13:39   WSW
16  12.5  20.9   15:08   4.0   06:38   6.2   0.4  0.00   3.4  18.0   11:03   ENE
17  10.6  15.5   15:38   6.8   23:56   7.7   0.0  0.00   8.9  26.0   18:48     E
18   8.0  10.2   18:31   5.6   05:56  10.3   0.0  0.05   2.7  19.0   00:44   ENE
19  10.3  17.8   15:09   3.7   06:48   8.0   0.0  0.00   4.8  23.0   16:27   ENE
20   9.8  16.9   14:01   2.8   05:11   8.5   0.0  0.00   7.6  31.0   17:02   ENE
21  11.9  18.8   14:12   7.0   05:01   6.4   0.0  0.00   9.3  31.0   12:53    NE
22  12.7  20.7   15:47   5.2   06:14   6.0   0.4  0.00   4.9  21.0   17:33    NE
23  13.3  22.3   15:57   5.3   04:50   5.5   0.5  0.00   3.3  14.0   18:01   ENE
24  13.7  22.9   16:02   3.6   06:24   5.5   0.9  0.00   2.3  15.0   21:18   ESE
25  13.1  21.2   15:23   3.8   06:17   5.7   0.5  0.00   2.2  11.0   10:57   SSE
26  13.3  19.7   14:42   8.9   23:47   5.1   0.0  0.00   3.0  15.0   15:31     W
27  11.7  18.1   16:11   8.6   05:27   6.6   0.0  0.00   2.9  15.0   19:07   WNW
28   8.9  10.9   13:01   6.3   23:10   9.4   0.0  0.27   3.8  16.0   04:01     E
29   8.7  14.2   18:05   5.9   03:23   9.6   0.0  0.19   4.4  19.0   11:36    SE
30   9.5  14.0   13:52   7.1   05:48   8.8   0.0  0.10   7.6  28.0   10:35     S
----------------------------------------------------------------------------------
    11.1  22.9    10    -0.9    14   220.9   5.6  0.67   4.8  31.0    20       E

Max >=  27.0:  0
Max <=   0.0:  0
Min <=   0.0:  1
Min <= -18.0:  0
Max Rain: 0.27 on day 28
Days of Rain: 5 (>= 0.02 in)  3 (>= 0.10 in)  0 (>= 1.00 in)
Heat Base: 18.3  Cool Base: 18.3  Method: Integration
Now : Realtime : Gauges : Today/Yesterday : This Month/Year : All-Time Records : Graphs : WUnderground : Season Averages : Monthly Records : Data Summary : NOAA Reports : Forum : Station Info : System Info


Page last updated 06/06/2020 11:45:03
Produced by CumulusCumulus v1.9.4 (1099)