Cheadle Hulme Weather

 Latitude N 53° 21' 50"    Longitude W 02° 11' 42"    Elevation 261 ft

Now : Realtime : Gauges : Today/Yesterday : This Month/Year : All-Time Records : Graphs : WUnderground : Season Averages : Monthly Records : Data Summary : NOAA Reports : Forum : Station Info : System Info
Select a Year or Month report

Report for 2020 May
                   Monthly Climatological Summary for May 2020

Name: Cheadle Hulme   City: Cheadle   State: Cheshire
Elevation: 261 ft  Lat: N 53 21' 50"   Lon: W 002 11' 42"

                  Temperature (C), Rain (in), Wind Speed (mph)

                                      Heat  Cool        Avg
    Mean                              Deg   Deg         Wind                 Dom
Day Temp  High   Time   Low    Time   Days  Days  Rain  Speed High   Time    Dir
----------------------------------------------------------------------------------
 1   9.6  13.1   14:44   6.9   03:44   8.7   0.0  0.20   6.4  23.0   16:30     W
 2  10.2  14.8   18:01   6.3   23:59   8.1   0.0  0.00   4.1  20.0   13:56     W
 3  10.6  16.9   13:48   3.7   05:42   7.7   0.0  0.00   1.4   9.0   13:19   SSE
 4  11.6  17.1   13:37   6.5   06:23   6.7   0.0  0.00   5.0  22.0   19:23   ENE
 5  10.8  16.2   16:01   6.9   05:06   7.5   0.0  0.00   6.9  25.0   09:31     E
 6  11.5  19.9   16:31   1.9   05:50   7.0   0.2  0.00   3.0  16.0   12:47    SE
 7  14.0  22.2   17:20   4.1   05:28   5.0   0.7  0.00   2.7  15.0   13:57   SSE
 8  15.5  22.2   16:27   9.0   05:52   3.5   0.7  0.00   1.8  12.0   17:11   WNW
 9  17.0  25.8   16:03   8.0   03:43   3.4   2.1  0.01   0.3  15.0   22:05   SSW
10   9.7  15.4   00:00   4.3   23:47   8.6   0.0  0.02   9.0  30.0   17:28    NE
11   7.0  12.4   16:11   2.7   05:03  11.3   0.0  0.00   6.0  23.0   13:15   NNE
12   7.0  11.4   19:13   1.3   03:35  11.3   0.0  0.04   4.7  20.0   18:26   WNW
13   8.3  12.7   16:17   4.0   23:58  10.0   0.0  0.00   5.8  18.0   16:44    NE
14   8.1  15.9   15:25  -0.7   04:02  10.2   0.0  0.00   3.3  20.0   16:21   WNW
15   9.2  14.8   14:43   3.0   05:09   9.1   0.0  0.00   4.7  20.0   16:55   WNW
16  10.8  15.8   18:28   5.4   02:23   7.5   0.0  0.00   4.6  19.0   18:17   WNW
17  13.4  17.7   16:31   8.9   04:25   4.9   0.0  0.00   4.2  17.0   14:58   WSW
18  13.7  17.7   14:59   9.1   05:33   4.6   0.0  0.00   4.8  17.0   14:20   SSW
19  16.0  20.3   15:59  12.8   02:15   2.7   0.3  0.00   4.1  14.0   12:20   WSW
20  18.7  28.0   16:06   8.5   04:57   3.0   3.4  0.00   3.0  16.0   13:05   SSE
21  17.0  23.1   16:57  10.2   03:05   2.3   0.9  0.00   3.4  16.0   12:13   SSW
22  16.0  19.4   13:54  11.8   23:50   2.4   0.1  0.04  10.9  41.0   12:25   SSW
23  13.2  16.2   11:15  10.4   04:51   5.1   0.0  0.00   8.9  33.0   14:06    SW
24  14.1  17.6   16:07  10.2   23:51   4.2   0.0  0.00   7.7  26.0   04:28     W
25  15.5  24.3   16:09   6.3   05:19   4.2   1.4  0.00   3.7  19.0   16:52    SW
26  15.1  19.5   18:22  10.8   02:03   3.2   0.0  0.00   3.0  13.0   14:01   WNW
27  16.3  24.9   15:51   6.8   05:02   3.8   1.8  0.00   3.0  14.0   19:28     N
28  18.6  26.3   16:06   9.9   05:16   2.4   2.7  0.00   2.7  13.0   12:18   SSE
29  19.1  26.5   16:37   9.9   05:06   2.0   2.8  0.00   4.7  17.0   12:32   ESE
30  17.9  25.4   16:05   8.7   05:49   2.6   2.2  0.00   5.5  22.0   22:28     E
31  18.7  26.2   16:34  10.6   05:49   2.1   2.5  0.00   6.1  21.0   11:34     E
----------------------------------------------------------------------------------
    13.4  28.0    20    -0.7    14   175.1  21.8  0.31   4.7  41.0    22     WSW

Max >=  27.0:  1
Max <=   0.0:  0
Min <=   0.0:  1
Min <= -18.0:  0
Max Rain: 0.20 on day 1
Days of Rain: 4 (>= 0.02 in)  1 (>= 0.10 in)  0 (>= 1.00 in)
Heat Base: 18.3  Cool Base: 18.3  Method: Integration
Now : Realtime : Gauges : Today/Yesterday : This Month/Year : All-Time Records : Graphs : WUnderground : Season Averages : Monthly Records : Data Summary : NOAA Reports : Forum : Station Info : System Info


Page last updated 06/06/2020 12:00:03
Produced by CumulusCumulus v1.9.4 (1099)