Cheadle Hulme Weather

 Latitude N 53° 21' 50"    Longitude W 02° 11' 42"    Elevation 261 ft

Now : Realtime : Gauges : Today/Yesterday : This Month/Year : All-Time Records : Graphs : WUnderground : Season Averages : Monthly Records : Data Summary : NOAA Reports : Forum : Station Info : System Info

Report for 2020 Jul
                   Monthly Climatological Summary for Jul 2020

Name: Cheadle Hulme   City: Cheadle   State: Cheshire
Elevation: 261 ft  Lat: N 53 21' 50"   Lon: W 002 11' 42"

                  Temperature (C), Rain (in), Wind Speed (mph)

                                      Heat  Cool        Avg
    Mean                              Deg   Deg         Wind                 Dom
Day Temp  High   Time   Low    Time   Days  Days  Rain  Speed High   Time    Dir
----------------------------------------------------------------------------------
 1  15.6  19.8   14:59  13.3   05:34   2.8   0.1  0.38   2.3  13.0   11:48   WSW
 2  14.6  18.4   18:06  12.7   05:12   3.7   0.0  0.21   2.8  17.0   18:54   WNW
 3  14.3  16.7   15:19  12.1   01:45   4.0   0.0  0.08   9.0  26.0   11:41     S
 4  16.4  17.2   12:45  15.3   01:38   1.9   0.0  0.16   6.2  26.0   23:18     S
 5  15.0  17.4   17:32  11.6   21:05   3.3   0.0  0.15   9.8  32.0   14:26   WSW
 6  14.0  17.8   15:57  11.5   06:45   4.3   0.0  0.08   8.9  26.0   13:57   WNW
 7  13.0  14.6   10:01  11.6   04:47   5.3   0.0  0.22   2.8  14.0   14:33   SSW
 8  13.8  15.8   15:45  12.6   04:25   4.5   0.0  0.51   3.7  16.0   11:10     E
 9  13.4  15.2   11:26  11.6   06:36   4.9   0.0  0.48   3.9  15.0   05:44    NE
10  13.3  17.2   17:29   9.3   05:34   5.0   0.0  0.06   6.4  25.0   16:54   WNW
11  13.5  18.0   18:02   9.3   23:44   4.8   0.0  0.03   4.9  18.0   13:16   WNW
12  15.3  22.5   18:01   6.6   05:11   3.9   0.9  0.00   2.5  15.0   19:30    SW
13  16.3  19.6   15:55  14.6   01:48   2.1   0.0  0.00   5.4  20.0   15:39   SSW
14  14.3  15.8   12:27  12.7   23:01   4.0   0.0  0.00   5.5  18.0   14:18   WNW
15  13.7  15.1   17:20  12.3   01:37   4.6   0.0  0.10   5.4  18.0   13:47     W
16  15.9  18.7   19:55  13.6   02:44   2.4   0.0  0.06   4.4  18.0   14:47   WNW
17  18.7  23.1   17:04  15.2   06:17   0.8   1.3  0.00   3.9  16.0   17:08   SSW
18  16.0  18.6   14:07  13.3   23:39   2.3   0.0  0.27   4.7  16.0   11:45   SSW
19  14.2  19.4   14:30   9.1   05:48   4.1   0.0  0.01   5.2  21.0   14:39   WNW
20  12.9  17.6   16:01   7.7   05:06   5.4   0.0  0.00   3.9  20.0   16:59   WNW
21  13.9  19.4   16:26   7.9   04:23   4.5   0.1  0.00   2.0  14.0   13:15   WSW
22  15.9  21.6   13:42  12.4   05:46   2.7   0.3  0.00   3.6  18.0   18:52   SSW
23  16.3  19.8   12:09  13.8   06:20   2.1   0.1  0.06   5.2  20.0   14:16   SSW
24  17.6  22.8   15:00  13.7   06:33   1.8   1.1  0.17   3.2  19.0   22:24    SW
25  17.1  21.1   10:55  13.9   23:43   1.3   0.1  0.04   5.9  19.0   09:58    SW
26  16.5  21.0   15:51  12.9   05:48   2.3   0.5  0.01   5.5  22.0   12:07   SSW
27  15.3  20.2   14:19  12.1   22:47   3.0   0.1  0.38   8.5  33.0   12:05     S
28  14.2  16.0   13:54  12.7   00:00   4.1   0.0  0.00   9.3  31.0   15:01     W
29  16.2  19.7   17:14  14.4   09:07   2.2   0.1  0.00   5.3  18.0   10:44     W
30  19.4  27.1   16:24  13.7   06:00   1.6   2.6  0.04   3.6  16.0   14:20   SSE
31  23.5  34.0   15:12  15.5   05:15   0.4   5.6  0.00   5.2  24.0   13:33   SSE
----------------------------------------------------------------------------------
    15.5  34.0    31     6.6    12   100.1  12.9  3.50   5.1  33.0    27     WSW

Max >=  27.0:  2
Max <=   0.0:  0
Min <=   0.0:  0
Min <= -18.0:  0
Max Rain: 0.51 on day 8
Days of Rain: 19 (>= 0.02 in)  11 (>= 0.10 in)  0 (>= 1.00 in)
Heat Base: 18.3  Cool Base: 18.3  Method: Integration
Now : Realtime : Gauges : Today/Yesterday : This Month/Year : All-Time Records : Graphs : WUnderground : Season Averages : Monthly Records : Data Summary : NOAA Reports : Forum : Station Info : System Info


Page last updated 15/08/2020 16:45:03
Produced by CumulusCumulus v1.9.4 (1099)