Cheadle Hulme Weather

 Latitude N 53° 21' 50"    Longitude W 02° 11' 42"    Elevation 261 ft

Now : Realtime : Gauges : Today/Yesterday : This Month/Year : All-Time Records : Graphs : WUnderground : Season Averages : Monthly Records : Data Summary : NOAA Reports : Forum : Station Info : System Info

Report for 2022 Feb
                   Monthly Climatological Summary for Feb 2022

Name: Cheadle Hulme   City: Cheadle   State: Cheshire
Elevation: 261 ft  Lat: N 53 21' 50"   Lon: W 002 11' 42"

                  Temperature (C), Rain (in), Wind Speed (mph)

                                      Heat  Cool        Avg
    Mean                              Deg   Deg         Wind                 Dom
Day Temp  High   Time   Low    Time   Days  Days  Rain  Speed High   Time    Dir
----------------------------------------------------------------------------------
 1   9.4  11.3   11:47   7.2   01:01   8.9   0.0  0.08  13.5  38.0   13:35     W
 2   9.3  10.9   15:03   8.1   00:00   9.0   0.0  0.05   7.3  24.0   01:13     W
 3   9.1  11.8   14:29   7.3   07:17   9.2   0.0  0.01   6.2  24.0   23:45   SSW
 4   4.4   9.6   00:00   2.6   07:55  13.9   0.0  0.35   7.3  32.0   12:05     W
 5   5.9   8.9   23:17   2.0   04:50  12.4   0.0  0.50   7.8  30.0   23:17   SSW
 6   6.3   8.5   00:00   3.6   23:53  12.0   0.0  0.51  11.5  41.0   15:44     W
 7   6.1  10.4   15:32   0.8   05:35  12.2   0.0  0.01   5.2  23.0   21:08   SSW
 8  10.9  12.8   11:53   9.4   00:17   7.4   0.0  0.00   8.0  26.0   21:20   SSW
 9   7.5   9.9   00:09   5.1   23:49  10.8   0.0  0.17   6.0  22.0   08:27     W
10   4.7   6.9   14:48   2.4   07:32  13.6   0.0  0.03   7.3  33.0   17:34     W
11   3.9   7.5   13:49   0.4   06:09  14.4   0.0  0.00   4.6  19.0   23:32     S
12   6.1   7.8   23:26   3.9   00:38  12.2   0.0  0.09  12.0  31.0   10:00   SSE
13   8.3  10.0   18:02   6.2   22:19  10.0   0.0  0.27   9.9  32.0   09:52     S
14   6.0   8.6   14:23   4.5   23:58  12.3   0.0  0.30   7.8  25.0   16:18   WNW
15   6.2   8.7   11:43   2.5   02:45  12.1   0.0  0.11   7.5  27.0   07:33   SSW
16  10.8  13.5   14:48   7.0   00:00   7.5   0.0  0.26  11.3  44.0   23:50   WSW
17   6.3   9.2   12:44   4.5   15:12  12.0   0.0  0.06   9.8  45.0   01:25     W
18   5.2   8.2   06:10   1.8   23:19  13.1   0.0  0.57  13.0  53.0   15:07   WSW
19   2.8   4.6   14:22   1.3   06:03  15.5   0.0  0.37   6.0  33.0   00:26   SSW
20   7.9  11.1   11:26   3.2   21:48  10.4   0.0  1.10  12.1  48.0   15:01    SW
21   6.8   8.8   14:16   3.8   00:02  11.5   0.0  0.17  13.7  61.0   07:08     W
22   7.6  10.4   08:30   4.9   21:29  10.7   0.0  0.11   9.0  39.0   09:38    SW
23   7.4  10.1   12:31   4.4   01:33  10.9   0.0  0.11   8.8  29.0   22:42     S
24   3.8   5.7   15:04   1.9   13:13  14.5   0.0  0.23   7.8  33.0   12:02   WSW
25   6.2   9.7   13:45   4.1   23:51  12.1   0.0  0.00   6.8  25.0   05:14     W
26   6.2  10.9   14:17   3.1   06:09  12.1   0.0  0.00   8.1  28.0   13:31   SSE
27   6.4  11.2   15:08   3.1   06:55  11.9   0.0  0.00   9.3  25.0   10:33    SE
28   7.5  10.3   12:27   5.3   01:53  10.8   0.0  0.49   6.0  23.0   11:02   SSE
----------------------------------------------------------------------------------
     6.7  13.5    16     0.4    11   323.4   0.0  5.95   8.7  61.0    21      SW

Max >=  27.0:  0
Max <=   0.0:  0
Min <=   0.0:  0
Min <= -18.0:  0
Max Rain: 1.10 on day 20
Days of Rain: 21 (>= 0.02 in)  16 (>= 0.10 in)  1 (>= 1.00 in)
Heat Base: 18.3  Cool Base: 18.3  Method: Integration
Now : Realtime : Gauges : Today/Yesterday : This Month/Year : All-Time Records : Graphs : WUnderground : Season Averages : Monthly Records : Data Summary : NOAA Reports : Forum : Station Info : System Info


Page last updated 14/07/2024 23:15:06
Produced by CumulusCumulus v1.9.4 (10992)