Cheadle Hulme Weather

 Latitude N 53° 21' 50"    Longitude W 02° 11' 42"    Elevation 261 ft

Now : Realtime : Gauges : Today/Yesterday : This Month/Year : All-Time Records : Graphs : WUnderground : Season Averages : Monthly Records : Data Summary : NOAA Reports : Forum : Station Info : System Info

Report for 2022 Sep
                   Monthly Climatological Summary for Sep 2022

Name: Cheadle Hulme   City: Cheadle   State: Cheshire
Elevation: 261 ft  Lat: N 53 21' 50"   Lon: W 002 11' 42"

                  Temperature (C), Rain (in), Wind Speed (mph)

                                      Heat  Cool        Avg
    Mean                              Deg   Deg         Wind                 Dom
Day Temp  High   Time   Low    Time   Days  Days  Rain  Speed High   Time    Dir
----------------------------------------------------------------------------------
 1  17.2  23.3   14:55  12.2   05:52   2.2   1.1  0.00   5.2  19.0   09:58   ENE
 2  18.5  24.2   15:31  14.7   05:45   1.1   1.3  0.00   4.7  19.0   09:43     E
 3  19.2  22.7   13:26  16.8   06:12   0.4   1.3  0.00   4.8  18.0   13:45    SE
 4  19.3  23.7   15:35  16.4   01:14   0.4   1.5  0.00   7.1  22.0   07:32    SE
 5  18.7  23.8   14:19  14.8   06:59   0.9   1.4  0.48   6.1  22.0   22:34    SE
 6  16.2  21.9   15:43  13.2   03:24   2.5   0.4  0.48   3.5  20.0   14:11    SE
 7  16.3  22.9   13:37  12.3   23:40   2.7   0.7  0.13   5.4  21.0   17:25    SE
 8  15.7  20.2   13:14  12.1   23:57   2.8   0.2  0.00   2.9  17.0   17:06     E
 9  15.3  21.8   12:27  11.9   00:11   3.1   0.1  0.23   1.9  16.0   15:32    NW
10  15.3  20.2   16:59  11.2   23:54   3.1   0.2  0.01   2.7  15.0   09:28   NNW
11  15.2  21.1   12:27   8.4   06:03   3.7   0.6  0.58   3.6  19.0   15:45    SE
12  16.2  19.1   12:39  11.2   23:55   2.2   0.1  0.46   4.6  14.0   04:38     S
13  12.6  19.1   16:21   7.0   06:58   5.7   0.0  0.00   1.0   9.0   13:42   WNW
14  13.1  18.1   14:10   8.0   03:14   5.2   0.0  0.00   3.5  16.0   10:27   WNW
15  13.5  17.8   13:14  10.0   23:44   4.8   0.0  0.00   4.1  18.0   16:46   WNW
16  10.5  16.1   15:01   5.7   23:45   7.8   0.0  0.00   3.8  22.0   16:04    NW
17   9.5  16.7   14:18   2.2   07:07   8.8   0.0  0.00   3.9  19.0   17:20   WNW
18  12.5  15.9   13:38   9.3   06:15   5.8   0.0  0.16   4.6  21.0   16:18   WNW
19  12.9  17.4   12:55  10.3   05:53   5.4   0.0  0.02   1.5  11.0   13:30    NW
20  13.8  17.4   15:40  11.7   05:10   4.5   0.0  0.00   1.2   7.0   12:22    SE
21  14.4  19.9   13:47  10.7   07:17   3.9   0.1  0.00   3.5  15.0   13:00     S
22  13.6  17.3   12:45  11.8   04:48   4.6   0.0  0.34   5.0  21.0   12:09   SSE
23  13.0  18.6   15:37   8.2   23:53   5.3   0.0  0.00   2.6  16.0   17:53   WNW
24  10.2  15.6   12:30   5.6   07:14   8.1   0.0  0.00   2.1  18.0   16:00   NNE
25   9.2  14.0   16:02   2.8   06:49   9.1   0.0  0.00   3.3  19.0   18:46   WSW
26  11.3  15.1   14:44   8.4   23:58   7.0   0.0  0.21   7.4  26.0   15:03   WNW
27   8.9  14.0   14:38   5.4   02:29   9.4   0.0  0.08   4.4  24.0   14:45   WNW
28   8.1  14.2   15:09   2.3   06:07  10.2   0.0  0.26   2.4  17.0   16:34   WNW
29  11.1  17.2   14:40   7.4   23:47   7.2   0.0  0.09   2.1  17.0   15:25   NNE
30  10.0  12.8   18:00   5.4   04:10   8.3   0.0  0.69   6.7  36.0   16:25   SSE
----------------------------------------------------------------------------------
    13.7  24.2     2     2.2    17   146.2   9.0  4.22   3.9  36.0    30       S

Max >=  27.0:  0
Max <=   0.0:  0
Min <=   0.0:  0
Min <= -18.0:  0
Max Rain: 0.69 on day 30
Days of Rain: 14 (>= 0.02 in)  11 (>= 0.10 in)  0 (>= 1.00 in)
Heat Base: 18.3  Cool Base: 18.3  Method: Integration
Now : Realtime : Gauges : Today/Yesterday : This Month/Year : All-Time Records : Graphs : WUnderground : Season Averages : Monthly Records : Data Summary : NOAA Reports : Forum : Station Info : System Info


Page last updated 14/07/2024 23:30:05
Produced by CumulusCumulus v1.9.4 (10992)